{"id":16,"date":"2024-11-28T14:37:19","date_gmt":"2024-11-28T17:37:19","guid":{"rendered":"https:\/\/alenrio.org.br\/encontro\/?page_id=16"},"modified":"2024-12-01T22:59:11","modified_gmt":"2024-12-02T01:59:11","slug":"o-evento","status":"publish","type":"page","link":"https:\/\/alenrio.org.br\/encontro\/o-evento\/","title":{"rendered":"O evento"},"content":{"rendered":"\n<p>Desde sua funda\u00e7\u00e3o em 2020, a Academia de Letras do Noroeste do Rio Grande do Sul (Alenrio) promove, anualmente, no m\u00eas de dezembro, um encontro dedicado \u00e0 celebra\u00e7\u00e3o dos escritores, da literatura e da cultura regional. <\/p>\n\n\n\n<p>O <strong>IV Literario &#8211; Encontro Anual de Literatura da Alenrio<\/strong>, no ano de 2024, ser\u00e1 um marco no calend\u00e1rio cultural da entidade, pois reunir\u00e1 seus membros titulares e convidados para a realiza\u00e7\u00e3o do primeiro <strong>Sarau de Literatura e Arte<\/strong>. Al\u00e9m disso, a solenidade de posse da nova diretoria, eleita em novembro, amplia a representatividade da institui\u00e7\u00e3o e refor\u00e7a sua miss\u00e3o de atuar como um parlamento liter\u00e1rio.<\/p>\n\n\n\n<p>Os primeiros encontros anuais ocorreram em Tucunduva, munic\u00edpio que sedia a Alenrio e abriga o Acervo da Biblioteca Professor Daniel Scheid, espa\u00e7o dedicado \u00e0 preserva\u00e7\u00e3o da literatura regional.<\/p>\n\n\n\n<div class=\"wp-block-media-text is-stacked-on-mobile\"><figure class=\"wp-block-media-text__media\"><img loading=\"lazy\" decoding=\"async\" width=\"546\" height=\"522\" src=\"http:\/\/alenrio.org.br\/encontro\/wp-content\/uploads\/2024\/11\/balao_sarau.png\" alt=\"\" class=\"wp-image-36 size-full\" srcset=\"https:\/\/alenrio.org.br\/encontro\/wp-content\/uploads\/2024\/11\/balao_sarau.png 546w, https:\/\/alenrio.org.br\/encontro\/wp-content\/uploads\/2024\/11\/balao_sarau-300x287.png 300w\" sizes=\"auto, (max-width: 546px) 100vw, 546px\" \/><\/figure><div class=\"wp-block-media-text__content\">\n<p>Neste ano, o <strong>encontro<\/strong> acontecer\u00e1 no munic\u00edpio de Novo Machado e ter\u00e1 como tema \u201cA literatura como express\u00e3o do noroeste\u201d, refor\u00e7ando o car\u00e1ter itinerante da Alenrio. A proposta do evento \u00e9 explorar as conex\u00f5es entre as narrativas locais e a hist\u00f3ria do noroeste ga\u00facho, fortalecendo o di\u00e1logo entre gera\u00e7\u00f5es de escritores e promovendo a integra\u00e7\u00e3o cultural da regi\u00e3o.<\/p>\n<\/div><\/div>\n\n\n\n<p>Assim, a Alenrio reafirma-se como um espa\u00e7o vibrante de interc\u00e2mbio liter\u00e1rio e cultural, essencial para fortalecer a identidade regional e projetar sua literatura al\u00e9m-fronteiras.<\/p>\n","protected":false},"excerpt":{"rendered":"<p>Desde sua funda\u00e7\u00e3o em 2020, a Academia de Letras do Noroeste do Rio Grande do Sul (Alenrio) promove, anualmente, no m\u00eas de dezembro, um encontro dedicado \u00e0 celebra\u00e7\u00e3o dos escritores, da literatura e da cultura regional. O IV Literario &#8211; Encontro Anual de Literatura da Alenrio, no ano de 2024, ser\u00e1 um marco no calend\u00e1rio [&hellip;]<\/p>\n","protected":false},"author":2,"featured_media":0,"parent":0,"menu_order":0,"comment_status":"closed","ping_status":"closed","template":"","meta":{"footnotes":""},"class_list":["post-16","page","type-page","status-publish","hentry"],"_links":{"self":[{"href":"https:\/\/alenrio.org.br\/encontro\/wp-json\/wp\/v2\/pages\/16","targetHints":{"allow":["GET"]}}],"collection":[{"href":"https:\/\/alenrio.org.br\/encontro\/wp-json\/wp\/v2\/pages"}],"about":[{"href":"https:\/\/alenrio.org.br\/encontro\/wp-json\/wp\/v2\/types\/page"}],"author":[{"embeddable":true,"href":"https:\/\/alenrio.org.br\/encontro\/wp-json\/wp\/v2\/users\/2"}],"replies":[{"embeddable":true,"href":"https:\/\/alenrio.org.br\/encontro\/wp-json\/wp\/v2\/comments?post=16"}],"version-history":[{"count":9,"href":"https:\/\/alenrio.org.br\/encontro\/wp-json\/wp\/v2\/pages\/16\/revisions"}],"predecessor-version":[{"id":202,"href":"https:\/\/alenrio.org.br\/encontro\/wp-json\/wp\/v2\/pages\/16\/revisions\/202"}],"wp:attachment":[{"href":"https:\/\/alenrio.org.br\/encontro\/wp-json\/wp\/v2\/media?parent=16"}],"curies":[{"name":"wp","href":"https:\/\/api.w.org\/{rel}","templated":true}]}}

<p>Desde sua fundação em 2020, a Academia de Letras do Noroeste do Rio Grande do Sul (Alenrio) promove, anualmente, no mês de dezembro, um encontro dedicado à celebração dos escritores, da literatura e da cultura regional. </p>



<p>O <strong>IV Literario &#8211; Encontro Anual de Literatura da Alenrio</strong>, no ano de 2024, será um marco no calendário cultural da entidade, pois reunirá seus membros titulares e convidados para a realização do primeiro <strong>Sarau de Literatura e Arte</strong>. Além disso, a solenidade de posse da nova diretoria, eleita em novembro, amplia a representatividade da instituição e reforça sua missão de atuar como um parlamento literário.</p>



<p>Os primeiros encontros anuais ocorreram em Tucunduva, município que sedia a Alenrio e abriga o Acervo da Biblioteca Professor Daniel Scheid, espaço dedicado à preservação da literatura regional.</p>



<div class="wp-block-media-text is-stacked-on-mobile"><figure class="wp-block-media-text__media"><img loading="lazy" decoding="async" width="546" height="522" src="http://alenrio.org.br/encontro/wp-content/uploads/2024/11/balao_sarau.png" alt="" class="wp-image-36 size-full" srcset="https://alenrio.org.br/encontro/wp-content/uploads/2024/11/balao_sarau.png 546w, https://alenrio.org.br/encontro/wp-content/uploads/2024/11/balao_sarau-300x287.png 300w" sizes="auto, (max-width: 546px) 100vw, 546px" /></figure><div class="wp-block-media-text__content">
<p>Neste ano, o <strong>encontro</strong> acontecerá no município de Novo Machado e terá como tema “A literatura como expressão do noroeste”, reforçando o caráter itinerante da Alenrio. A proposta do evento é explorar as conexões entre as narrativas locais e a história do noroeste gaúcho, fortalecendo o diálogo entre gerações de escritores e promovendo a integração cultural da região.</p>
</div></div>



<p>Assim, a Alenrio reafirma-se como um espaço vibrante de intercâmbio literário e cultural, essencial para fortalecer a identidade regional e projetar sua literatura além-fronteiras.</p>

<p>Desde sua fundação em 2020, a Academia de Letras do Noroeste do Rio Grande do Sul (Alenrio) promove, anualmente, no mês de dezembro, um encontro dedicado à celebração dos escritores, da literatura e da cultura regional. O IV Literario &#8211; Encontro Anual de Literatura da Alenrio, no ano de 2024, será um marco no calendário [&hellip;]</p>
