{"id":20,"date":"2024-11-28T14:38:25","date_gmt":"2024-11-28T17:38:25","guid":{"rendered":"https:\/\/alenrio.org.br\/encontro\/?page_id=20"},"modified":"2024-12-01T23:00:50","modified_gmt":"2024-12-02T02:00:50","slug":"expediente","status":"publish","type":"page","link":"https:\/\/alenrio.org.br\/encontro\/expediente\/","title":{"rendered":"Expediente"},"content":{"rendered":"\n<p class=\"has-system-font-font-family\" style=\"border-style:none;border-width:0px;border-radius:0px\"><mark style=\"background-color:#1a4548\" class=\"has-inline-color has-background-color\"> <strong> COORDENA\u00c7\u00c3O GERAL  <\/strong><\/mark><br>Renato Pereira<br>Tanize Tomasi<\/p>\n\n\n\n<p><mark style=\"background-color:#1a4548\" class=\"has-inline-color has-background-color\"> <strong> COORDENADORIA DE LITERATURA  <\/strong><\/mark><br>Nair Carpenedo<\/p>\n\n\n\n<p><mark style=\"background-color:#1a4548\" class=\"has-inline-color has-background-color\"> <strong> COORDENADORIA DE COMUNICA\u00c7\u00c3O  <\/strong><\/mark><br>Jorge da Luz<\/p>\n\n\n\n<p><mark style=\"background-color:#1a4548\" class=\"has-inline-color has-background-color\"> <strong> CONSELHO EDITORIAL  <\/strong><\/mark><br>Renato Pereira<br>Tanize Tomasi<br>Jorge da Luz<br>Nair Carpenedo<br>Roque Aloisio Weschenfelder<\/p>\n\n\n\n<p><\/p>\n\n\n\n<p><strong>EDI\u00c7\u00c3O N\u00ba 4 | DEZEMBRO DE 2024<\/strong><\/p>\n","protected":false},"excerpt":{"rendered":"<p>COORDENA\u00c7\u00c3O GERAL Renato PereiraTanize Tomasi COORDENADORIA DE LITERATURA Nair Carpenedo COORDENADORIA DE COMUNICA\u00c7\u00c3O Jorge da Luz CONSELHO EDITORIAL Renato PereiraTanize TomasiJorge da LuzNair CarpenedoRoque Aloisio Weschenfelder EDI\u00c7\u00c3O N\u00ba 4 | DEZEMBRO DE 2024<\/p>\n","protected":false},"author":2,"featured_media":0,"parent":0,"menu_order":0,"comment_status":"closed","ping_status":"closed","template":"","meta":{"footnotes":""},"class_list":["post-20","page","type-page","status-publish","hentry"],"_links":{"self":[{"href":"https:\/\/alenrio.org.br\/encontro\/wp-json\/wp\/v2\/pages\/20","targetHints":{"allow":["GET"]}}],"collection":[{"href":"https:\/\/alenrio.org.br\/encontro\/wp-json\/wp\/v2\/pages"}],"about":[{"href":"https:\/\/alenrio.org.br\/encontro\/wp-json\/wp\/v2\/types\/page"}],"author":[{"embeddable":true,"href":"https:\/\/alenrio.org.br\/encontro\/wp-json\/wp\/v2\/users\/2"}],"replies":[{"embeddable":true,"href":"https:\/\/alenrio.org.br\/encontro\/wp-json\/wp\/v2\/comments?post=20"}],"version-history":[{"count":10,"href":"https:\/\/alenrio.org.br\/encontro\/wp-json\/wp\/v2\/pages\/20\/revisions"}],"predecessor-version":[{"id":203,"href":"https:\/\/alenrio.org.br\/encontro\/wp-json\/wp\/v2\/pages\/20\/revisions\/203"}],"wp:attachment":[{"href":"https:\/\/alenrio.org.br\/encontro\/wp-json\/wp\/v2\/media?parent=20"}],"curies":[{"name":"wp","href":"https:\/\/api.w.org\/{rel}","templated":true}]}}

<p class="has-system-font-font-family" style="border-style:none;border-width:0px;border-radius:0px"><mark style="background-color:#1a4548" class="has-inline-color has-background-color"> <strong> COORDENAÇÃO GERAL  </strong></mark><br>Renato Pereira<br>Tanize Tomasi</p>



<p><mark style="background-color:#1a4548" class="has-inline-color has-background-color"> <strong> COORDENADORIA DE LITERATURA  </strong></mark><br>Nair Carpenedo</p>



<p><mark style="background-color:#1a4548" class="has-inline-color has-background-color"> <strong> COORDENADORIA DE COMUNICAÇÃO  </strong></mark><br>Jorge da Luz</p>



<p><mark style="background-color:#1a4548" class="has-inline-color has-background-color"> <strong> CONSELHO EDITORIAL  </strong></mark><br>Renato Pereira<br>Tanize Tomasi<br>Jorge da Luz<br>Nair Carpenedo<br>Roque Aloisio Weschenfelder</p>



<p></p>



<p><strong>EDIÇÃO Nº 4 | DEZEMBRO DE 2024</strong></p>

<p>COORDENAÇÃO GERAL Renato PereiraTanize Tomasi COORDENADORIA DE LITERATURA Nair Carpenedo COORDENADORIA DE COMUNICAÇÃO Jorge da Luz CONSELHO EDITORIAL Renato PereiraTanize TomasiJorge da LuzNair CarpenedoRoque Aloisio Weschenfelder EDIÇÃO Nº 4 | DEZEMBRO DE 2024</p>
