{"id":441,"date":"2024-09-20T09:13:05","date_gmt":"2024-09-20T12:13:05","guid":{"rendered":"https:\/\/alenrio.org.br\/site\/?page_id=441"},"modified":"2024-10-23T08:35:50","modified_gmt":"2024-10-23T11:35:50","slug":"nair-carpenedo","status":"publish","type":"page","link":"https:\/\/alenrio.org.br\/site\/imortais\/nair-carpenedo\/","title":{"rendered":"Nair Carpenedo"},"content":{"rendered":"<div class=\"wp-block-image\">\n<figure class=\"alignright size-full is-resized\"><img  title=\"\" loading=\"lazy\" decoding=\"async\" width=\"300\" height=\"400\" data-src=\"https:\/\/alenrio.org.br\/site\/wp-content\/uploads\/2024\/09\/09-NAIR_quadro2.jpg\"  alt=\"09-NAIR_quadro2 Nair Carpenedo\"  class=\"wp-image-317 lazyload\" style=\"--smush-placeholder-width: 300px; --smush-placeholder-aspect-ratio: 300\/400;width:200px\" data-srcset=\"https:\/\/alenrio.org.br\/site\/wp-content\/uploads\/2024\/09\/09-NAIR_quadro2.jpg 300w, https:\/\/alenrio.org.br\/site\/wp-content\/uploads\/2024\/09\/09-NAIR_quadro2-225x300.jpg 225w, https:\/\/alenrio.org.br\/site\/wp-content\/uploads\/2024\/09\/09-NAIR_quadro2-45x60.jpg 45w\" data-sizes=\"auto, (max-width: 300px) 100vw, 300px\" src=\"data:image\/gif;base64,R0lGODlhAQABAAAAACH5BAEKAAEALAAAAAABAAEAAAICTAEAOw==\" \/><noscript><img  title=\"\" loading=\"lazy\" decoding=\"async\" width=\"300\" height=\"400\" src=\"https:\/\/alenrio.org.br\/site\/wp-content\/uploads\/2024\/09\/09-NAIR_quadro2.jpg\"  alt=\"09-NAIR_quadro2 Nair Carpenedo\"  class=\"wp-image-317\" style=\"width:200px\" srcset=\"https:\/\/alenrio.org.br\/site\/wp-content\/uploads\/2024\/09\/09-NAIR_quadro2.jpg 300w, https:\/\/alenrio.org.br\/site\/wp-content\/uploads\/2024\/09\/09-NAIR_quadro2-225x300.jpg 225w, https:\/\/alenrio.org.br\/site\/wp-content\/uploads\/2024\/09\/09-NAIR_quadro2-45x60.jpg 45w\" sizes=\"auto, (max-width: 300px) 100vw, 300px\" \/><\/noscript><\/figure>\n<\/div>\n\n\n<p>Nair nasceu em 20 de maio de 1954, em Tuparendi-RS, em uma fam\u00edlia apreciadora das artes liter\u00e1rias, da qual herdou o gosto da leitura, escrita e conta\u00e7\u00e3o de hist\u00f3ria. Graduou-se em Estudos Sociais e Geografia na Universidade Regional do Noroeste do Estado do Rio Grande do Sul.<\/p>\n\n\n\n<p>Foi professora e diretora na Escola Estadual de Primeiro Grau Incompleto Monteiro Lobato de Esquina \u00c1gua Fria, munic\u00edpio de Novo Machado &#8211; RS no per\u00edodo de 1977 a 1999. Participou com dois trabalhos na elabora\u00e7\u00e3o do livro &#8220;Educa\u00e7\u00e3o Ambiental em Novo Machado &#8211; RS, volume: 9, integrando a Cole\u00e7\u00e3o Experi\u00eancias Educa\u00e7\u00e3o Ambiental, num total de 13 volumes. \u00c9 compositora de diversas can\u00e7\u00f5es apresentadas em Festivais na Regi\u00e3o Noroeste do Rio Grande do Sul, sendo que todas elas foram premiadas e gravadas. Entre elas est\u00e3o: &#8220;Deus, aonde est\u00e1s?&#8221;, &#8220;Quadro Desbotado&#8221;, &#8220;Escola da Vida&#8221;, A For\u00e7a do Amor&#8221;, &#8221; Terra Amada, M\u00e3e Gentil&#8221; e &#8220;Can\u00e7\u00e3o da Terra&#8221;. A m\u00fasica Escola da Vida foi gravada pelo Grupo Sol Maior Show de Tucunduva e Can\u00e7\u00e3o da Terra pelo Grupo Vocal NPC de Tucunduva. Autora do Hino oficial do munic\u00edpio de Novo Machado &#8211; RS.<\/p>\n\n\n\n<p>Trabalhou em escolas p\u00fablicas nos munic\u00edpios de Tucunduva e de Novo Machado, no Rio Grande do Sul. Lecionou no Ensino Fundamental \u2013 anos iniciais, Ensino Fundamental \u2013 anos finais e no Ensino M\u00e9dio. Promove o h\u00e1bito da leitura por meio da conta\u00e7\u00e3o de hist\u00f3rias. \u00c9 autora das obras: Casinha de Brinquedo; Hist\u00f3ria da Localidade de Esquina \u00c1gua Fria; Experi\u00eancias em Educa\u00e7\u00e3o Ambiental; Um Tesouro Escondido no Arm\u00e1rio; Retratos da Natureza Subtropical; Um Sonho Dentro de Um Sonho e Retratos de Mariana. \u00c9 membro fundadora da cadeira n\u00ba 9 e Coordenadora de Literatura da Academia de Letras do Noroeste do Rio Grande do Sul.<\/p>\n\n\n\n<h6 class=\"wp-block-heading\">Cadeira n\u00ba 09 :: Patrono: <a href=\"https:\/\/alenrio.org.br\/site\/patronos\/joao-puhl\/\" data-type=\"page\" data-id=\"495\">Jo\u00e3o Puhl<\/a><\/h6>\n\n\n\n<p><\/p>\n","protected":false},"excerpt":{"rendered":"<p>Nair nasceu em 20 de maio de 1954, em Tuparendi-RS, em uma fam\u00edlia apreciadora das artes liter\u00e1rias, da qual herdou o gosto da leitura, escrita e conta\u00e7\u00e3o de hist\u00f3ria. Graduou-se em Estudos Sociais e Geografia na Universidade Regional do Noroeste do Estado do Rio Grande do Sul. Foi professora e diretora na Escola Estadual de [&hellip;]<\/p>\n","protected":false},"author":1,"featured_media":0,"parent":45,"menu_order":0,"comment_status":"closed","ping_status":"closed","template":"","meta":{"_eb_attr":"","footnotes":""},"class_list":["post-441","page","type-page","status-publish","hentry"],"_links":{"self":[{"href":"https:\/\/alenrio.org.br\/site\/wp-json\/wp\/v2\/pages\/441","targetHints":{"allow":["GET"]}}],"collection":[{"href":"https:\/\/alenrio.org.br\/site\/wp-json\/wp\/v2\/pages"}],"about":[{"href":"https:\/\/alenrio.org.br\/site\/wp-json\/wp\/v2\/types\/page"}],"author":[{"embeddable":true,"href":"https:\/\/alenrio.org.br\/site\/wp-json\/wp\/v2\/users\/1"}],"replies":[{"embeddable":true,"href":"https:\/\/alenrio.org.br\/site\/wp-json\/wp\/v2\/comments?post=441"}],"version-history":[{"count":5,"href":"https:\/\/alenrio.org.br\/site\/wp-json\/wp\/v2\/pages\/441\/revisions"}],"predecessor-version":[{"id":882,"href":"https:\/\/alenrio.org.br\/site\/wp-json\/wp\/v2\/pages\/441\/revisions\/882"}],"up":[{"embeddable":true,"href":"https:\/\/alenrio.org.br\/site\/wp-json\/wp\/v2\/pages\/45"}],"wp:attachment":[{"href":"https:\/\/alenrio.org.br\/site\/wp-json\/wp\/v2\/media?parent=441"}],"curies":[{"name":"wp","href":"https:\/\/api.w.org\/{rel}","templated":true}]}}