{"id":464,"date":"2024-09-20T10:01:35","date_gmt":"2024-09-20T13:01:35","guid":{"rendered":"https:\/\/alenrio.org.br\/site\/?page_id=464"},"modified":"2024-09-20T14:35:38","modified_gmt":"2024-09-20T17:35:38","slug":"jose-orlando-schafer","status":"publish","type":"page","link":"https:\/\/alenrio.org.br\/site\/imortais\/jose-orlando-schafer\/","title":{"rendered":"Jos\u00e9 Orlando Sch\u00e4fer"},"content":{"rendered":"<div class=\"wp-block-image\">\n<figure class=\"alignright size-full is-resized\"><img  title=\"\" loading=\"lazy\" decoding=\"async\" width=\"300\" height=\"400\" data-src=\"https:\/\/alenrio.org.br\/site\/wp-content\/uploads\/2024\/09\/14-JOSE-ORLANDO_quadro2.jpg\"  alt=\"14-JOSE-ORLANDO_quadro2 Jos\u00e9 Orlando Sch\u00e4fer\"  class=\"wp-image-322 lazyload\" style=\"--smush-placeholder-width: 300px; --smush-placeholder-aspect-ratio: 300\/400;width:200px\" data-srcset=\"https:\/\/alenrio.org.br\/site\/wp-content\/uploads\/2024\/09\/14-JOSE-ORLANDO_quadro2.jpg 300w, https:\/\/alenrio.org.br\/site\/wp-content\/uploads\/2024\/09\/14-JOSE-ORLANDO_quadro2-225x300.jpg 225w, https:\/\/alenrio.org.br\/site\/wp-content\/uploads\/2024\/09\/14-JOSE-ORLANDO_quadro2-45x60.jpg 45w\" data-sizes=\"auto, (max-width: 300px) 100vw, 300px\" src=\"data:image\/gif;base64,R0lGODlhAQABAAAAACH5BAEKAAEALAAAAAABAAEAAAICTAEAOw==\" \/><noscript><img  title=\"\" loading=\"lazy\" decoding=\"async\" width=\"300\" height=\"400\" src=\"https:\/\/alenrio.org.br\/site\/wp-content\/uploads\/2024\/09\/14-JOSE-ORLANDO_quadro2.jpg\"  alt=\"14-JOSE-ORLANDO_quadro2 Jos\u00e9 Orlando Sch\u00e4fer\"  class=\"wp-image-322\" style=\"width:200px\" srcset=\"https:\/\/alenrio.org.br\/site\/wp-content\/uploads\/2024\/09\/14-JOSE-ORLANDO_quadro2.jpg 300w, https:\/\/alenrio.org.br\/site\/wp-content\/uploads\/2024\/09\/14-JOSE-ORLANDO_quadro2-225x300.jpg 225w, https:\/\/alenrio.org.br\/site\/wp-content\/uploads\/2024\/09\/14-JOSE-ORLANDO_quadro2-45x60.jpg 45w\" sizes=\"auto, (max-width: 300px) 100vw, 300px\" \/><\/noscript><\/figure>\n<\/div>\n\n\n<p>Jos\u00e9 Orlando Sch\u00e4fer nasceu em Tr\u00eas Passos, em 8 de mar\u00e7o de 1964, filho de Orlando Sch\u00e4fer e Agnes Sch\u00e4fer. Formado em Direito pela Faculdade de Direito de Santo \u00c2ngelo, possui Mestrado em Direito, \u00e9 p\u00f3s-graduado em Direito P\u00fablico pela UNIJU\u00cd e especialista pela Universidade Pablo de Olavide, em Sevilha, Espanha. Atua como advogado, presidente da OAB, Subse\u00e7\u00e3o de Tr\u00eas Passos, e professor universit\u00e1rio, al\u00e9m de ser compositor, cantor e m\u00fasico.<\/p>\n\n\n\n<p>Casado com Gertrude Sch\u00e4fer, \u00e9 pai de Nathalia Sch\u00e4fer, estilista, e Amanda Sch\u00e4fer, estudante de Direito. Como autor, Jos\u00e9 Orlando publicou v\u00e1rias obras, incluindo &#8220;Direito do Trabalho e Flexibiliza\u00e7\u00e3o&#8221; (2016), que analisa as mudan\u00e7as no Direito do Trabalho; &#8220;Na Primavera da Vida&#8221; (2018), uma cole\u00e7\u00e3o de contos infantojuvenis; &#8220;O Princ\u00edpio da Dignidade Humana para uma Nova Compreens\u00e3o do Direito do Trabalho&#8221; (2022), abordando a import\u00e2ncia da dignidade humana no Direito; e &#8220;Conhecer Transforma: Conhecer, Amar &amp; Ser Feliz&#8221; (2024), uma reflex\u00e3o filos\u00f3fica sobre o conhecimento, escrita em forma de di\u00e1logos entre pai e filhas, voltada ao p\u00fablico infantojuvenil. Seu pr\u00f3ximo livro, &#8220;Mem\u00f3rias de um Conflito&#8221;, ainda em produ\u00e7\u00e3o, trar\u00e1 uma an\u00e1lise pol\u00edtica e jur\u00eddica dos \u00faltimos dez anos da vida pol\u00edtica brasileira.<\/p>\n\n\n\n<h6 class=\"wp-block-heading\">Cadeira n\u00ba 14 :: Patrono: <a href=\"https:\/\/alenrio.org.br\/site\/patronos\/antonio-leutchuk\/\" data-type=\"page\" data-id=\"512\">Antonio Leutchuk<\/a><\/h6>\n","protected":false},"excerpt":{"rendered":"<p>Jos\u00e9 Orlando Sch\u00e4fer nasceu em Tr\u00eas Passos, em 8 de mar\u00e7o de 1964, filho de Orlando Sch\u00e4fer e Agnes Sch\u00e4fer. Formado em Direito pela Faculdade de Direito de Santo \u00c2ngelo, possui Mestrado em Direito, \u00e9 p\u00f3s-graduado em Direito P\u00fablico pela UNIJU\u00cd e especialista pela Universidade Pablo de Olavide, em Sevilha, Espanha. Atua como advogado, presidente [&hellip;]<\/p>\n","protected":false},"author":1,"featured_media":0,"parent":45,"menu_order":0,"comment_status":"closed","ping_status":"closed","template":"","meta":{"_eb_attr":"","footnotes":""},"class_list":["post-464","page","type-page","status-publish","hentry"],"_links":{"self":[{"href":"https:\/\/alenrio.org.br\/site\/wp-json\/wp\/v2\/pages\/464","targetHints":{"allow":["GET"]}}],"collection":[{"href":"https:\/\/alenrio.org.br\/site\/wp-json\/wp\/v2\/pages"}],"about":[{"href":"https:\/\/alenrio.org.br\/site\/wp-json\/wp\/v2\/types\/page"}],"author":[{"embeddable":true,"href":"https:\/\/alenrio.org.br\/site\/wp-json\/wp\/v2\/users\/1"}],"replies":[{"embeddable":true,"href":"https:\/\/alenrio.org.br\/site\/wp-json\/wp\/v2\/comments?post=464"}],"version-history":[{"count":2,"href":"https:\/\/alenrio.org.br\/site\/wp-json\/wp\/v2\/pages\/464\/revisions"}],"predecessor-version":[{"id":568,"href":"https:\/\/alenrio.org.br\/site\/wp-json\/wp\/v2\/pages\/464\/revisions\/568"}],"up":[{"embeddable":true,"href":"https:\/\/alenrio.org.br\/site\/wp-json\/wp\/v2\/pages\/45"}],"wp:attachment":[{"href":"https:\/\/alenrio.org.br\/site\/wp-json\/wp\/v2\/media?parent=464"}],"curies":[{"name":"wp","href":"https:\/\/api.w.org\/{rel}","templated":true}]}}