{"id":472,"date":"2024-09-20T10:10:55","date_gmt":"2024-09-20T13:10:55","guid":{"rendered":"https:\/\/alenrio.org.br\/site\/?page_id=472"},"modified":"2024-09-20T14:42:41","modified_gmt":"2024-09-20T17:42:41","slug":"cassiano-telles","status":"publish","type":"page","link":"https:\/\/alenrio.org.br\/site\/imortais\/cassiano-telles\/","title":{"rendered":"Cassiano Telles"},"content":{"rendered":"<div class=\"wp-block-image\">\n<figure class=\"alignright size-full is-resized\"><img  title=\"\" loading=\"lazy\" decoding=\"async\" width=\"300\" height=\"400\" data-src=\"https:\/\/alenrio.org.br\/site\/wp-content\/uploads\/2024\/09\/19-CASSIANO_quadro2.jpg\"  alt=\"19-CASSIANO_quadro2 Cassiano Telles\"  class=\"wp-image-327 lazyload\" style=\"--smush-placeholder-width: 300px; --smush-placeholder-aspect-ratio: 300\/400;width:300px\" data-srcset=\"https:\/\/alenrio.org.br\/site\/wp-content\/uploads\/2024\/09\/19-CASSIANO_quadro2.jpg 300w, https:\/\/alenrio.org.br\/site\/wp-content\/uploads\/2024\/09\/19-CASSIANO_quadro2-225x300.jpg 225w, https:\/\/alenrio.org.br\/site\/wp-content\/uploads\/2024\/09\/19-CASSIANO_quadro2-45x60.jpg 45w\" data-sizes=\"auto, (max-width: 300px) 100vw, 300px\" src=\"data:image\/gif;base64,R0lGODlhAQABAAAAACH5BAEKAAEALAAAAAABAAEAAAICTAEAOw==\" \/><noscript><img  title=\"\" loading=\"lazy\" decoding=\"async\" width=\"300\" height=\"400\" src=\"https:\/\/alenrio.org.br\/site\/wp-content\/uploads\/2024\/09\/19-CASSIANO_quadro2.jpg\"  alt=\"19-CASSIANO_quadro2 Cassiano Telles\"  class=\"wp-image-327\" style=\"width:300px\" srcset=\"https:\/\/alenrio.org.br\/site\/wp-content\/uploads\/2024\/09\/19-CASSIANO_quadro2.jpg 300w, https:\/\/alenrio.org.br\/site\/wp-content\/uploads\/2024\/09\/19-CASSIANO_quadro2-225x300.jpg 225w, https:\/\/alenrio.org.br\/site\/wp-content\/uploads\/2024\/09\/19-CASSIANO_quadro2-45x60.jpg 45w\" sizes=\"auto, (max-width: 300px) 100vw, 300px\" \/><\/noscript><\/figure>\n<\/div>\n\n\n<p>Cassiano Telles, nascido em 23 de mar\u00e7o de 1986, em Tr\u00eas de Maio, Rio Grande do Sul, \u00e9 filho de Silvano Odilo Telles e Dircelei Tischler Telles. Formado em Educa\u00e7\u00e3o F\u00edsica, se especializou em Educa\u00e7\u00e3o F\u00edsica Escolar, obteve o t\u00edtulo de Mestre em Educa\u00e7\u00e3o F\u00edsica e concluiu o Doutorado em Educa\u00e7\u00e3o pela Universidade Federal de Santa Maria (UFSM). Sua atua\u00e7\u00e3o profissional est\u00e1 voltada para a Forma\u00e7\u00e3o de Professores, com foco nas Licenciaturas. Cassiano Telles \u00e9 autor de livros e obras acad\u00eamicas, al\u00e9m de ter publicado diversos artigos cient\u00edficos em revistas nacionais e internacionais. Atualmente, \u00e9 professor na rede municipal de ensino de Horizontina e j\u00e1 atuou em institui\u00e7\u00f5es de ensino superior. Entre 2017 e 2020, exerceu a fun\u00e7\u00e3o de Secret\u00e1rio Municipal de Esporte, Cultura, Juventude e Lazer em Horizontina.<\/p>\n\n\n\n<h6 class=\"wp-block-heading\">Cadeira n\u00ba 19 :: Patronesse: <a href=\"https:\/\/alenrio.org.br\/site\/patronos\/zaira-elisabeth-da-silva-logemann\/\" data-type=\"page\" data-id=\"522\">Zaira Elisabeth da Silva Logemann<\/a><\/h6>\n","protected":false},"excerpt":{"rendered":"<p>Cassiano Telles, nascido em 23 de mar\u00e7o de 1986, em Tr\u00eas de Maio, Rio Grande do Sul, \u00e9 filho de Silvano Odilo Telles e Dircelei Tischler Telles. Formado em Educa\u00e7\u00e3o F\u00edsica, se especializou em Educa\u00e7\u00e3o F\u00edsica Escolar, obteve o t\u00edtulo de Mestre em Educa\u00e7\u00e3o F\u00edsica e concluiu o Doutorado em Educa\u00e7\u00e3o pela Universidade Federal de [&hellip;]<\/p>\n","protected":false},"author":1,"featured_media":0,"parent":45,"menu_order":0,"comment_status":"closed","ping_status":"closed","template":"","meta":{"_eb_attr":"","footnotes":""},"class_list":["post-472","page","type-page","status-publish","hentry"],"_links":{"self":[{"href":"https:\/\/alenrio.org.br\/site\/wp-json\/wp\/v2\/pages\/472","targetHints":{"allow":["GET"]}}],"collection":[{"href":"https:\/\/alenrio.org.br\/site\/wp-json\/wp\/v2\/pages"}],"about":[{"href":"https:\/\/alenrio.org.br\/site\/wp-json\/wp\/v2\/types\/page"}],"author":[{"embeddable":true,"href":"https:\/\/alenrio.org.br\/site\/wp-json\/wp\/v2\/users\/1"}],"replies":[{"embeddable":true,"href":"https:\/\/alenrio.org.br\/site\/wp-json\/wp\/v2\/comments?post=472"}],"version-history":[{"count":2,"href":"https:\/\/alenrio.org.br\/site\/wp-json\/wp\/v2\/pages\/472\/revisions"}],"predecessor-version":[{"id":575,"href":"https:\/\/alenrio.org.br\/site\/wp-json\/wp\/v2\/pages\/472\/revisions\/575"}],"up":[{"embeddable":true,"href":"https:\/\/alenrio.org.br\/site\/wp-json\/wp\/v2\/pages\/45"}],"wp:attachment":[{"href":"https:\/\/alenrio.org.br\/site\/wp-json\/wp\/v2\/media?parent=472"}],"curies":[{"name":"wp","href":"https:\/\/api.w.org\/{rel}","templated":true}]}}