{"id":507,"date":"2024-09-20T13:26:56","date_gmt":"2024-09-20T16:26:56","guid":{"rendered":"https:\/\/alenrio.org.br\/site\/?page_id=507"},"modified":"2024-09-20T13:26:56","modified_gmt":"2024-09-20T16:26:56","slug":"romualdo-justmann-clauss","status":"publish","type":"page","link":"https:\/\/alenrio.org.br\/site\/patronos\/romualdo-justmann-clauss\/","title":{"rendered":"Romualdo Justmann Clauss"},"content":{"rendered":"<div class=\"wp-block-image\">\n<figure class=\"alignright size-full is-resized\"><img  title=\"\" loading=\"lazy\" decoding=\"async\" width=\"592\" height=\"789\" data-src=\"https:\/\/alenrio.org.br\/site\/wp-content\/uploads\/2024\/09\/10-ROMUALDO.jpg\"  alt=\"10-ROMUALDO Romualdo Justmann Clauss\"  class=\"wp-image-372 lazyload\" style=\"--smush-placeholder-width: 592px; --smush-placeholder-aspect-ratio: 592\/789;width:200px\" data-srcset=\"https:\/\/alenrio.org.br\/site\/wp-content\/uploads\/2024\/09\/10-ROMUALDO.jpg 592w, https:\/\/alenrio.org.br\/site\/wp-content\/uploads\/2024\/09\/10-ROMUALDO-225x300.jpg 225w, https:\/\/alenrio.org.br\/site\/wp-content\/uploads\/2024\/09\/10-ROMUALDO-45x60.jpg 45w\" data-sizes=\"auto, (max-width: 592px) 100vw, 592px\" src=\"data:image\/gif;base64,R0lGODlhAQABAAAAACH5BAEKAAEALAAAAAABAAEAAAICTAEAOw==\" \/><noscript><img  title=\"\" loading=\"lazy\" decoding=\"async\" width=\"592\" height=\"789\" src=\"https:\/\/alenrio.org.br\/site\/wp-content\/uploads\/2024\/09\/10-ROMUALDO.jpg\"  alt=\"10-ROMUALDO Romualdo Justmann Clauss\"  class=\"wp-image-372\" style=\"width:200px\" srcset=\"https:\/\/alenrio.org.br\/site\/wp-content\/uploads\/2024\/09\/10-ROMUALDO.jpg 592w, https:\/\/alenrio.org.br\/site\/wp-content\/uploads\/2024\/09\/10-ROMUALDO-225x300.jpg 225w, https:\/\/alenrio.org.br\/site\/wp-content\/uploads\/2024\/09\/10-ROMUALDO-45x60.jpg 45w\" sizes=\"auto, (max-width: 592px) 100vw, 592px\" \/><\/noscript><\/figure>\n<\/div>\n\n\n<p><strong>Romualdo Justmann Clauss<\/strong> foi um professor, gestor educacional e escritor do noroeste do Rio Grande do Sul. Descendente de imigrantes alem\u00e3es, nasceu no distrito de Independ\u00eancia, ent\u00e3o pertencente ao munic\u00edpio de Tr\u00eas de Maio-RS, em 7 de julho de 1943, filho de Carlos Frederico Clauss e Sofia Justmann Clauss. Concluiu a educa\u00e7\u00e3o b\u00e1sica na Escola Normal Rural Presidente Get\u00falio Vargas, em Tr\u00eas de Maio, o Curso de Estudos Sociais pela Faculdade Dom Bosco e Habilita\u00e7\u00e3o em Geografia pela FIDENE de Iju\u00ed. Atuou como professor da Rede Estadual de Ensino do Rio Grande do Sul por mais de quarenta anos. Neste per\u00edodo, foi regente de classe, coordenador pedag\u00f3gico, vice-diretor e diretor. Trabalhou de 1963 a 1973 na Escola Estadual Martim Lutero, em Roque Gonzales e, de 1973 a 1982 na Escola Estadual de Ensino Fundamental Ernesto Dornelles, em Tucunduva. Produziu a obra \u201cTucunduva: evolu\u00e7\u00e3o hist\u00f3rico-geogr\u00e1fica\u201d (1982), durante a administra\u00e7\u00e3o do Prefeito Artur Fronza, per\u00edodo em que foi cedido para atua\u00e7\u00e3o no servi\u00e7o p\u00fablico municipal, quando descreve a experi\u00eancia de coloniza\u00e7\u00e3o, povoamento e evolu\u00e7\u00e3o de Tucunduva, hoje cognominada capital da lavoura mecanizada. Faleceu em Santa Rosa, em 7 de novembro de 2004. \u00c9 patrono perp\u00e9tuo da cadeira n\u00ba 10 da Academia de Letras do Noroeste do Rio Grande do Sul &#8211; Alenrio.<\/p>\n","protected":false},"excerpt":{"rendered":"<p>Romualdo Justmann Clauss foi um professor, gestor educacional e escritor do noroeste do Rio Grande do Sul. Descendente de imigrantes alem\u00e3es, nasceu no distrito de Independ\u00eancia, ent\u00e3o pertencente ao munic\u00edpio de Tr\u00eas de Maio-RS, em 7 de julho de 1943, filho de Carlos Frederico Clauss e Sofia Justmann Clauss. Concluiu a educa\u00e7\u00e3o b\u00e1sica na Escola [&hellip;]<\/p>\n","protected":false},"author":1,"featured_media":0,"parent":360,"menu_order":0,"comment_status":"closed","ping_status":"closed","template":"","meta":{"_eb_attr":"","footnotes":""},"class_list":["post-507","page","type-page","status-publish","hentry"],"_links":{"self":[{"href":"https:\/\/alenrio.org.br\/site\/wp-json\/wp\/v2\/pages\/507","targetHints":{"allow":["GET"]}}],"collection":[{"href":"https:\/\/alenrio.org.br\/site\/wp-json\/wp\/v2\/pages"}],"about":[{"href":"https:\/\/alenrio.org.br\/site\/wp-json\/wp\/v2\/types\/page"}],"author":[{"embeddable":true,"href":"https:\/\/alenrio.org.br\/site\/wp-json\/wp\/v2\/users\/1"}],"replies":[{"embeddable":true,"href":"https:\/\/alenrio.org.br\/site\/wp-json\/wp\/v2\/comments?post=507"}],"version-history":[{"count":1,"href":"https:\/\/alenrio.org.br\/site\/wp-json\/wp\/v2\/pages\/507\/revisions"}],"predecessor-version":[{"id":508,"href":"https:\/\/alenrio.org.br\/site\/wp-json\/wp\/v2\/pages\/507\/revisions\/508"}],"up":[{"embeddable":true,"href":"https:\/\/alenrio.org.br\/site\/wp-json\/wp\/v2\/pages\/360"}],"wp:attachment":[{"href":"https:\/\/alenrio.org.br\/site\/wp-json\/wp\/v2\/media?parent=507"}],"curies":[{"name":"wp","href":"https:\/\/api.w.org\/{rel}","templated":true}]}}