{"id":518,"date":"2024-09-20T13:35:51","date_gmt":"2024-09-20T16:35:51","guid":{"rendered":"https:\/\/alenrio.org.br\/site\/?page_id=518"},"modified":"2024-09-20T13:35:51","modified_gmt":"2024-09-20T16:35:51","slug":"diva-teixeira-lucas","status":"publish","type":"page","link":"https:\/\/alenrio.org.br\/site\/patronos\/diva-teixeira-lucas\/","title":{"rendered":"Diva Teixeira Lucas"},"content":{"rendered":"<div class=\"wp-block-image\">\n<figure class=\"alignright size-full is-resized\"><img  title=\"\" loading=\"lazy\" decoding=\"async\" width=\"494\" height=\"659\" data-src=\"https:\/\/alenrio.org.br\/site\/wp-content\/uploads\/2024\/09\/17-DIVA.png\"  alt=\"17-DIVA Diva Teixeira Lucas\"  class=\"wp-image-376 lazyload\" style=\"--smush-placeholder-width: 494px; --smush-placeholder-aspect-ratio: 494\/659;width:200px\" data-srcset=\"https:\/\/alenrio.org.br\/site\/wp-content\/uploads\/2024\/09\/17-DIVA.png 494w, https:\/\/alenrio.org.br\/site\/wp-content\/uploads\/2024\/09\/17-DIVA-225x300.png 225w, https:\/\/alenrio.org.br\/site\/wp-content\/uploads\/2024\/09\/17-DIVA-45x60.png 45w\" data-sizes=\"auto, (max-width: 494px) 100vw, 494px\" src=\"data:image\/gif;base64,R0lGODlhAQABAAAAACH5BAEKAAEALAAAAAABAAEAAAICTAEAOw==\" \/><noscript><img  title=\"\" loading=\"lazy\" decoding=\"async\" width=\"494\" height=\"659\" src=\"https:\/\/alenrio.org.br\/site\/wp-content\/uploads\/2024\/09\/17-DIVA.png\"  alt=\"17-DIVA Diva Teixeira Lucas\"  class=\"wp-image-376\" style=\"width:200px\" srcset=\"https:\/\/alenrio.org.br\/site\/wp-content\/uploads\/2024\/09\/17-DIVA.png 494w, https:\/\/alenrio.org.br\/site\/wp-content\/uploads\/2024\/09\/17-DIVA-225x300.png 225w, https:\/\/alenrio.org.br\/site\/wp-content\/uploads\/2024\/09\/17-DIVA-45x60.png 45w\" sizes=\"auto, (max-width: 494px) 100vw, 494px\" \/><\/noscript><\/figure>\n<\/div>\n\n\n<p><strong>Diva Teixeira Lucas <\/strong>nasceu em Pelotas em 27 de julho de 1903. Filha de Joan Cancio Teixeira, de origem espanhola, e Firmina Antonia Teixeira, de origem portuguesa, Diva cresceu em uma fam\u00edlia abastada, envolvida em neg\u00f3cios de charqueadas e com\u00e9rcio de doces. Frequentou boas escolas e foi imersa na cultura francesa da \u00e9poca.<\/p>\n\n\n\n<p>Casou-se com Ildefonso Silveira Lucas e teve duas filhas: Cleni e Rosita, que faleceu ainda jovem, al\u00e9m de tr\u00eas filhos homens: Waldezer, Neuci e Ildefonso. Cleni formou fam\u00edlia em Sede Nova, enquanto Waldezer e Ildefonso se mudaram para Mato Grosso na d\u00e9cada de 1980.<\/p>\n\n\n\n<p>Em Pelotas, Diva desfrutava de um alto padr\u00e3o de vida e, ao se mudar para Santo Augusto, ela e sua cunhada Josefina tornaram-se influentes na comunidade local. Diva era reconhecida por suas opini\u00f5es sociais, econ\u00f4micas e pol\u00edticas, contribuindo para o desenvolvimento da cidade. De acordo com o historiador Odilon Gomes de Oliveira, Diva e outras mulheres, como Dona Sinh\u00e1 Prates, formavam a intelectualidade local.<\/p>\n\n\n\n<p>Diva tamb\u00e9m usava seu amplo c\u00edrculo social para promover casamentos entre os moradores. Cat\u00f3lica devota, mantinha um orat\u00f3rio em casa e doou a primeira imagem de Santo Jo\u00e3o Batista para a igreja de Santo Augusto, em 1923.<\/p>\n\n\n\n<p>Uma leitora ass\u00eddua, Diva possu\u00eda uma vasta cole\u00e7\u00e3o de livros e revistas, incentivando a leitura na comunidade e formando grupos para compartilhar livros. Sua biblioteca particular tinha cerca de 300 volumes, dos quais aproximadamente 200 ainda existem hoje, preservados como testemunhos de sua dedica\u00e7\u00e3o \u00e0 cultura e ao conhecimento. Faleceu em Sede Nova-RS, em18 de abril de 1983.<\/p>\n","protected":false},"excerpt":{"rendered":"<p>Diva Teixeira Lucas nasceu em Pelotas em 27 de julho de 1903. Filha de Joan Cancio Teixeira, de origem espanhola, e Firmina Antonia Teixeira, de origem portuguesa, Diva cresceu em uma fam\u00edlia abastada, envolvida em neg\u00f3cios de charqueadas e com\u00e9rcio de doces. Frequentou boas escolas e foi imersa na cultura francesa da \u00e9poca. Casou-se com [&hellip;]<\/p>\n","protected":false},"author":1,"featured_media":0,"parent":360,"menu_order":0,"comment_status":"closed","ping_status":"closed","template":"","meta":{"_eb_attr":"","footnotes":""},"class_list":["post-518","page","type-page","status-publish","hentry"],"_links":{"self":[{"href":"https:\/\/alenrio.org.br\/site\/wp-json\/wp\/v2\/pages\/518","targetHints":{"allow":["GET"]}}],"collection":[{"href":"https:\/\/alenrio.org.br\/site\/wp-json\/wp\/v2\/pages"}],"about":[{"href":"https:\/\/alenrio.org.br\/site\/wp-json\/wp\/v2\/types\/page"}],"author":[{"embeddable":true,"href":"https:\/\/alenrio.org.br\/site\/wp-json\/wp\/v2\/users\/1"}],"replies":[{"embeddable":true,"href":"https:\/\/alenrio.org.br\/site\/wp-json\/wp\/v2\/comments?post=518"}],"version-history":[{"count":1,"href":"https:\/\/alenrio.org.br\/site\/wp-json\/wp\/v2\/pages\/518\/revisions"}],"predecessor-version":[{"id":519,"href":"https:\/\/alenrio.org.br\/site\/wp-json\/wp\/v2\/pages\/518\/revisions\/519"}],"up":[{"embeddable":true,"href":"https:\/\/alenrio.org.br\/site\/wp-json\/wp\/v2\/pages\/360"}],"wp:attachment":[{"href":"https:\/\/alenrio.org.br\/site\/wp-json\/wp\/v2\/media?parent=518"}],"curies":[{"name":"wp","href":"https:\/\/api.w.org\/{rel}","templated":true}]}}