{"id":522,"date":"2024-09-20T13:37:31","date_gmt":"2024-09-20T16:37:31","guid":{"rendered":"https:\/\/alenrio.org.br\/site\/?page_id=522"},"modified":"2024-09-20T13:38:01","modified_gmt":"2024-09-20T16:38:01","slug":"zaira-elisabeth-da-silva-logemann","status":"publish","type":"page","link":"https:\/\/alenrio.org.br\/site\/patronos\/zaira-elisabeth-da-silva-logemann\/","title":{"rendered":"Zaira Elisabeth da Silva Logemann"},"content":{"rendered":"<div class=\"wp-block-image\">\n<figure class=\"alignright size-full is-resized\"><img  title=\"\" loading=\"lazy\" decoding=\"async\" width=\"539\" height=\"718\" data-src=\"https:\/\/alenrio.org.br\/site\/wp-content\/uploads\/2024\/09\/19-ZAIRA.png\"  alt=\"19-ZAIRA Zaira Elisabeth da Silva Logemann\"  class=\"wp-image-367 lazyload\" style=\"--smush-placeholder-width: 539px; --smush-placeholder-aspect-ratio: 539\/718;width:200px\" data-srcset=\"https:\/\/alenrio.org.br\/site\/wp-content\/uploads\/2024\/09\/19-ZAIRA.png 539w, https:\/\/alenrio.org.br\/site\/wp-content\/uploads\/2024\/09\/19-ZAIRA-225x300.png 225w, https:\/\/alenrio.org.br\/site\/wp-content\/uploads\/2024\/09\/19-ZAIRA-45x60.png 45w\" data-sizes=\"auto, (max-width: 539px) 100vw, 539px\" src=\"data:image\/gif;base64,R0lGODlhAQABAAAAACH5BAEKAAEALAAAAAABAAEAAAICTAEAOw==\" \/><noscript><img  title=\"\" loading=\"lazy\" decoding=\"async\" width=\"539\" height=\"718\" src=\"https:\/\/alenrio.org.br\/site\/wp-content\/uploads\/2024\/09\/19-ZAIRA.png\"  alt=\"19-ZAIRA Zaira Elisabeth da Silva Logemann\"  class=\"wp-image-367\" style=\"width:200px\" srcset=\"https:\/\/alenrio.org.br\/site\/wp-content\/uploads\/2024\/09\/19-ZAIRA.png 539w, https:\/\/alenrio.org.br\/site\/wp-content\/uploads\/2024\/09\/19-ZAIRA-225x300.png 225w, https:\/\/alenrio.org.br\/site\/wp-content\/uploads\/2024\/09\/19-ZAIRA-45x60.png 45w\" sizes=\"auto, (max-width: 539px) 100vw, 539px\" \/><\/noscript><\/figure>\n<\/div>\n\n\n<p><strong>Zaira Elisabeth da Silva Logemann <\/strong>nasceu em 20 de abril de 1929, em Porto Alegre, filha de Antenor Montigny da Silva e Zuleika Antunes da Silva. Foi casada com Jorge Antonio Logemann, fundador da SLC. \u00a0Incentivada por sua sogra, Dona Nelly, Zaira iniciou sua carreira art\u00edstica pintando telas a \u00f3leo e porcelanas, tendo estudado no Instituto de Belas Artes de Porto Alegre e se dedicado \u00e0 pintura de nus com modelos vivos e porcelana bico de pena.<\/p>\n\n\n\n<p>Em 1978, fixou resid\u00eancia em Porto Alegre, onde se dedicou inteiramente \u00e0 arte, aprendendo t\u00e9cnicas com Lou Borghetti. Com ela aprendeu diversas t\u00e9cnicas, abstratos, flores, mosaico e colagem. Zaira participou de v\u00e1rias exposi\u00e7\u00f5es coletivas e, aos 80 anos, teve seu trabalho exibido em uma exposi\u00e7\u00e3o de artistas selecionados do Sul do Brasil, na Galeria de Monsart, em Paris. Contribuiu, ainda, para a constru\u00e7\u00e3o de uma ala hospitalar em Porto Alegre que leva seu nome. Em 2020, o Museu Municipal de Horizontina foi nomeado em sua homenagem.<\/p>\n\n\n\n<p>Zaira era uma presen\u00e7a vibrante e dedicou sua vida \u00e0 arte. Idade e datas n\u00e3o faziam parte de seu vocabul\u00e1rio, pois dizia que: \u201cAlgumas pessoas s\u00e3o como p\u00e1ssaros: voam muito mais longe quando conseguem impulsionar outros para voarem juntos\u201d. Faleceu em Porto Alegre, em 4 de agosto de 2017.<\/p>\n","protected":false},"excerpt":{"rendered":"<p>Zaira Elisabeth da Silva Logemann nasceu em 20 de abril de 1929, em Porto Alegre, filha de Antenor Montigny da Silva e Zuleika Antunes da Silva. Foi casada com Jorge Antonio Logemann, fundador da SLC. \u00a0Incentivada por sua sogra, Dona Nelly, Zaira iniciou sua carreira art\u00edstica pintando telas a \u00f3leo e porcelanas, tendo estudado no [&hellip;]<\/p>\n","protected":false},"author":1,"featured_media":0,"parent":360,"menu_order":0,"comment_status":"closed","ping_status":"closed","template":"","meta":{"_eb_attr":"","footnotes":""},"class_list":["post-522","page","type-page","status-publish","hentry"],"_links":{"self":[{"href":"https:\/\/alenrio.org.br\/site\/wp-json\/wp\/v2\/pages\/522","targetHints":{"allow":["GET"]}}],"collection":[{"href":"https:\/\/alenrio.org.br\/site\/wp-json\/wp\/v2\/pages"}],"about":[{"href":"https:\/\/alenrio.org.br\/site\/wp-json\/wp\/v2\/types\/page"}],"author":[{"embeddable":true,"href":"https:\/\/alenrio.org.br\/site\/wp-json\/wp\/v2\/users\/1"}],"replies":[{"embeddable":true,"href":"https:\/\/alenrio.org.br\/site\/wp-json\/wp\/v2\/comments?post=522"}],"version-history":[{"count":2,"href":"https:\/\/alenrio.org.br\/site\/wp-json\/wp\/v2\/pages\/522\/revisions"}],"predecessor-version":[{"id":524,"href":"https:\/\/alenrio.org.br\/site\/wp-json\/wp\/v2\/pages\/522\/revisions\/524"}],"up":[{"embeddable":true,"href":"https:\/\/alenrio.org.br\/site\/wp-json\/wp\/v2\/pages\/360"}],"wp:attachment":[{"href":"https:\/\/alenrio.org.br\/site\/wp-json\/wp\/v2\/media?parent=522"}],"curies":[{"name":"wp","href":"https:\/\/api.w.org\/{rel}","templated":true}]}}