{"id":590,"date":"2024-09-20T14:55:45","date_gmt":"2024-09-20T17:55:45","guid":{"rendered":"https:\/\/alenrio.org.br\/site\/?page_id=590"},"modified":"2024-09-20T14:59:07","modified_gmt":"2024-09-20T17:59:07","slug":"tanize-tomasi-discurso-de-posse","status":"publish","type":"page","link":"https:\/\/alenrio.org.br\/site\/tanize-tomasi-discurso-de-posse\/","title":{"rendered":"Tanize Tomasi &#8211; Discurso de posse"},"content":{"rendered":"\n<p><strong>Senhoras e senhores! <\/strong>Como \u00e9 bom estar em casa, empoeirando meus p\u00e9s de andarilha no ch\u00e3o sagrado onde meus ancestrais fizeram morada sobre uma linda campina de terras vermelhas e, nas margens de terras pretas do rio Uruguai. Filha das fam\u00edlias pioneiras de Tucunduva e Novo Machado, italianos da col\u00f4nia Santa Isabel, Col\u00f4nia Alfredo Chaves, missioneiros de S\u00e3o Borja, S\u00e3o Miguel. Eu sou uma migrante, que fez dos s\u00edmbolos e refer\u00eancias deste lugar, o lar em terras estrangeiras. Carrego os sabores e saberes da casa, o mate amargo com a velha matriarca, o fogo de ch\u00e3o no galp\u00e3o, os nomes das ervas e plantas de benzeduras, o vento norte soprando e a saracura piando na ca\u00edda do dia anunciando chuva, as lib\u00e9lulas avistando a estiagem, o barulho dos bugios ao adentrar das \u00e1guas volumosas do rio Uruguai pela barrinha. Minhas viv\u00eancias, os saberes recebidos, as cren\u00e7as acumuladas, as coisas que vi, as pessoas com quem convivi, os sentimentos aflorados, os ru\u00eddos dos lugares e n\u00e3o-lugares, desenham-se em um amontoado de escritos, sobre as gentes, seus espa\u00e7os, seus modos de vida, seus la\u00e7os, o territ\u00f3rio. \u00c0 Academia de Letras entrego o pergaminho com todos os manuscritos, visto-lhes de todos os olhares que desaguam no meu, de todas as vozes que s\u00e3o coro para a minha, das culturas que miscigenam meu jeito de ser, dos toques que trazem humanidade e vivacidade para continuar pelos meus caminhos. Estou honrada de ocupar a Cadeira n. 3, em refer\u00eancia e reconhecimento \u00e0 trajet\u00f3ria e mem\u00f3ria de Luiz Forigo, uma pessoa que compartilhou suas reflex\u00f5es, saberes e pr\u00e1ticas de cura com as gentes do noroeste do Rio Grande do Sul. Que a imortalidade que nos conduz salvaguarde nossa hist\u00f3ria, cultura e identidade.<\/p>\n\n\n\n<p>Tucunduva, 09 de junho de 2020.<\/p>\n","protected":false},"excerpt":{"rendered":"<p>Senhoras e senhores! Como \u00e9 bom estar em casa, empoeirando meus p\u00e9s de andarilha no ch\u00e3o sagrado onde meus ancestrais fizeram morada sobre uma linda campina de terras vermelhas e, nas margens de terras pretas do rio Uruguai. Filha das fam\u00edlias pioneiras de Tucunduva e Novo Machado, italianos da col\u00f4nia Santa Isabel, Col\u00f4nia Alfredo Chaves, [&hellip;]<\/p>\n","protected":false},"author":1,"featured_media":0,"parent":0,"menu_order":0,"comment_status":"closed","ping_status":"closed","template":"","meta":{"_eb_attr":"","footnotes":""},"class_list":["post-590","page","type-page","status-publish","hentry"],"_links":{"self":[{"href":"https:\/\/alenrio.org.br\/site\/wp-json\/wp\/v2\/pages\/590","targetHints":{"allow":["GET"]}}],"collection":[{"href":"https:\/\/alenrio.org.br\/site\/wp-json\/wp\/v2\/pages"}],"about":[{"href":"https:\/\/alenrio.org.br\/site\/wp-json\/wp\/v2\/types\/page"}],"author":[{"embeddable":true,"href":"https:\/\/alenrio.org.br\/site\/wp-json\/wp\/v2\/users\/1"}],"replies":[{"embeddable":true,"href":"https:\/\/alenrio.org.br\/site\/wp-json\/wp\/v2\/comments?post=590"}],"version-history":[{"count":2,"href":"https:\/\/alenrio.org.br\/site\/wp-json\/wp\/v2\/pages\/590\/revisions"}],"predecessor-version":[{"id":594,"href":"https:\/\/alenrio.org.br\/site\/wp-json\/wp\/v2\/pages\/590\/revisions\/594"}],"wp:attachment":[{"href":"https:\/\/alenrio.org.br\/site\/wp-json\/wp\/v2\/media?parent=590"}],"curies":[{"name":"wp","href":"https:\/\/api.w.org\/{rel}","templated":true}]}}