{"id":732,"date":"2024-10-04T17:11:43","date_gmt":"2024-10-04T20:11:43","guid":{"rendered":"https:\/\/alenrio.org.br\/site\/?page_id=732"},"modified":"2024-11-12T20:04:04","modified_gmt":"2024-11-12T23:04:04","slug":"manifesto","status":"publish","type":"page","link":"https:\/\/alenrio.org.br\/site\/manifesto\/","title":{"rendered":"Manifesto"},"content":{"rendered":"\n<p><strong>CARTA PELA LITERATURA, LIVRO E LEITURA E PELA VALORIZA\u00c7\u00c3O DA CULTURA<\/strong><\/p>\n\n\n\n<p>No dia 12 de maio de 2023, \u00e0s 19 horas, ocorreu a <em>Sess\u00e3o Solene de Apresenta\u00e7\u00e3o e Posse da Nova Diretoria, Outorga de Honrarias e Homenagens<\/em>, da Academia de Letras do Noroeste do Rio Grande do Sul &#8211; Alenrio, no Centro Municipal de Cultura Professor Benedito de Castro, em Santo Augusto, sob a presid\u00eancia do professor Dr. Renato Pereira.<\/p>\n\n\n\n<!--more-->\n\n\n\n<p>Estiveram presentes os Acad\u00eamicos Imortais, titulares da Academia, membros benem\u00e9rito e honor\u00e1rio, autoridades, convidados, autores regionais e estudantes. A Alenrio desde sua funda\u00e7\u00e3o encampou um movimento regional pelo reconhecimento, valoriza\u00e7\u00e3o, incentivo e forma\u00e7\u00e3o no segmento literatura, livro, leitura e cultura. Esta expressividade para o est\u00edmulo \u00e0 escrita da hist\u00f3ria, cultura e identidade local e regional se encorpa nesta <strong>carta<\/strong> pensada para:<\/p>\n\n\n\n<ul class=\"wp-block-list\">\n<li>Democratiza\u00e7\u00e3o do acesso ao livro, a leitura e literatura;<\/li>\n\n\n\n<li>Forma\u00e7\u00e3o de mediadores e contadores de hist\u00f3rias, performances po\u00e9ticas, rodas liter\u00e1rias e murais (reconhecimento da necessidade de fomentadores que ajudam a criar novos leitores); Oficinas de cria\u00e7\u00e3o liter\u00e1ria para crian\u00e7as e jovens;<\/li>\n\n\n\n<li>Valoriza\u00e7\u00e3o institucional da leitura e o incremento de seu valor simb\u00f3lico e social;<\/li>\n\n\n\n<li>Desenvolvimento da economia do livro como est\u00edmulo \u00e0 produ\u00e7\u00e3o intelectual e ao desenvolvimento da economia nacional;<\/li>\n\n\n\n<li>Fomento da produ\u00e7\u00e3o e circula\u00e7\u00e3o da bibliodiversidade brasileira, com vistas \u00e0 forma\u00e7\u00e3o de uma na\u00e7\u00e3o de leitores;<\/li>\n\n\n\n<li>Mapear as iniciativas de incentivo \u00e0 leitura e \u00e0 difus\u00e3o do livro que j\u00e1 tenham sido realizadas ou estejam atualmente acontecendo na cidade ou estado;<\/li>\n\n\n\n<li>Realizar um diagn\u00f3stico da situa\u00e7\u00e3o existente na \u00e1rea do livro e leitura na cidade de forma a orientar a elabora\u00e7\u00e3o do Plano e a defini\u00e7\u00e3o de pol\u00edticas, metas e a\u00e7\u00f5es;<\/li>\n\n\n\n<li>Contribuir para a forma\u00e7\u00e3o de leitores aut\u00f4nomos, buscando, de maneira continuada, substantivo aumento do \u00edndice municipal de leitura e do n\u00edvel qualitativo das leituras realizadas, considerando os diferentes p\u00fablicos;<\/li>\n\n\n\n<li>Projetos para fomentar a leitura &#8211; forma\u00e7\u00e3o de novos leitores jovens, adultos e idosos em diversos contextos.<\/li>\n\n\n\n<li>Editais de \u00f3rg\u00e3os p\u00fablicos e empresas estatais para apoiar projetos;<\/li>\n\n\n\n<li>Assegurar a implanta\u00e7\u00e3o, moderniza\u00e7\u00e3o e qualifica\u00e7\u00e3o de espa\u00e7os, instala\u00e7\u00f5es e equipamentos, bem como a forma\u00e7\u00e3o e desenvolvimento de acervos, de modo a garantir servi\u00e7os de qualidade em bibliotecas escolares e nas de acesso p\u00fablico nos munic\u00edpios da regi\u00e3o noroeste;<\/li>\n\n\n\n<li>Cria\u00e7\u00e3o e apoio a salas de leitura, bibliotecas circulantes e \u201cpontos de leitura\u201d (\u00f4nibus, vans, t\u00e1xis, peruas, trens, barcos etc.);<\/li>\n\n\n\n<li>Programas para distribui\u00e7\u00e3o de livros did\u00e1ticos e n\u00e3o did\u00e1ticos;<\/li>\n\n\n\n<li>Campanhas de doa\u00e7\u00f5es de livros;<\/li>\n\n\n\n<li>Coedi\u00e7\u00f5es de livros em braile, livros digitais e audiolivros para atender a pessoas com defici\u00eancias;<\/li>\n\n\n\n<li>Concursos para reconhecer e premiar experi\u00eancias inovadoras na promo\u00e7\u00e3o da leitura e da literatura;<\/li>\n\n\n\n<li>Formula\u00e7\u00e3o de pol\u00edticas municipais &#8211; incentivar e fomentar a cria\u00e7\u00e3o, a implementa\u00e7\u00e3o e a institucionaliza\u00e7\u00e3o de pol\u00edticas e planos municipais do livro e leitura;<\/li>\n\n\n\n<li>Campanhas institucionais de valoriza\u00e7\u00e3o da leitura, do livro, da literatura e das bibliotecas em televis\u00e3o, r\u00e1dio, jornal, internet, revistas, outdoors, cinema e 32 outras m\u00eddias;<\/li>\n\n\n\n<li>Publica\u00e7\u00f5es de cadernos, suplementos especiais, se\u00e7\u00f5es, revistas, jornais, portais e s\u00edtios na internet sobre livro, literatura, bibliotecas e leitura;<\/li>\n\n\n\n<li>Institui\u00e7\u00e3o e est\u00edmulo para a concess\u00e3o de pr\u00eamios nas diferentes \u00e1reas e bolsas de cria\u00e7\u00e3o liter\u00e1ria para apoiar os escritores;<\/li>\n\n\n\n<li>Fomentar a forma\u00e7\u00e3o continuada e o interc\u00e2mbio de gestores p\u00fablicos, professores, bibliotec\u00e1rios, mediadores e agentes de leitura, contribuindo para o compartilhamento de experi\u00eancias, uso e aplica\u00e7\u00e3o de tecnologias sociais para a promo\u00e7\u00e3o da leitura e o acesso \u00e0 informa\u00e7\u00e3o;<\/li>\n\n\n\n<li>Realiza\u00e7\u00e3o de f\u00f3runs, congressos, semin\u00e1rios e jornadas para propor agendas sobre o livro, a leitura, literatura e bibliotecas;<\/li>\n\n\n\n<li>Incentivar e fomentar a cria\u00e7\u00e3o, manuten\u00e7\u00e3o, moderniza\u00e7\u00e3o e expans\u00e3o permanente de bibliotecas e espa\u00e7os de leitura e de conviv\u00eancia e promo\u00e7\u00e3o liter\u00e1ria, considerando a acessibilidade e a diversidade f\u00edsica, geogr\u00e1fica, 25 arquitet\u00f4nica e cultural brasileira;<\/li>\n\n\n\n<li>Identificar, cadastrar, monitorar e disponibilizar informa\u00e7\u00f5es atualizadas na \u00e1rea do livro, leitura, literatura e bibliotecas com vistas \u00e0 qualifica\u00e7\u00e3o das pol\u00edticas p\u00fablicas para a \u00e1rea;<\/li>\n\n\n\n<li>Mapear, cadastrar e acompanhar continuamente livrarias, pontos de venda e demais a\u00e7\u00f5es de comercializa\u00e7\u00e3o de livros e outras publica\u00e7\u00f5es em diferentes formatos e suportes de leitura;<\/li>\n\n\n\n<li>Incentivar e fomentar a produ\u00e7\u00e3o, publica\u00e7\u00e3o, reedi\u00e7\u00e3o, circula\u00e7\u00e3o, distribui\u00e7\u00e3o e comercializa\u00e7\u00e3o de livros e outras publica\u00e7\u00f5es locais e regionais em seus diferentes formatos e suportes, atendendo tamb\u00e9m as express\u00f5es da bibliodiversidade e mem\u00f3ria local-regional, buscando o aumento de t\u00edtulos editados e impressos na regi\u00e3o noroeste;<\/li>\n\n\n\n<li>Incentivar e fomentar o debate sobre a utiliza\u00e7\u00e3o de c\u00f3pias n\u00e3o restritivas (copyleft e creative commons), que garantam os direitos de autor e contemplem os direitos de socializa\u00e7\u00e3o e acesso \u00e0 cultura escrita;<\/li>\n\n\n\n<li>Assegurar o acesso \u00e0 leitura e \u00e0 informa\u00e7\u00e3o a todas as pessoas com defici\u00eancia, conforme a legisla\u00e7\u00e3o brasileira;<\/li>\n\n\n\n<li>Incentivar e fomentar a informatiza\u00e7\u00e3o de cat\u00e1logos on-line, dar visibilidade a bibliodiversidade, a produ\u00e7\u00e3o editorial local e regional e ampliar o acesso aos registros bibliogr\u00e1ficos dos acervos das bibliotecas municipais, fomentando a coopera\u00e7\u00e3o entre elas e o estabelecimento de sistemas e redes de informa\u00e7\u00e3o e leitura locais, territoriais e nacionais;<\/li>\n\n\n\n<li>Incentivar e fomentar a constitui\u00e7\u00e3o de acervos que garantam a produ\u00e7\u00e3o local e regional, que preservem a mem\u00f3ria e contribuam para o entendimento da diversidade cultural brasileira;<\/li>\n\n\n\n<li>Incentivar e fomentar a produ\u00e7\u00e3o e a distribui\u00e7\u00e3o de publica\u00e7\u00f5es de circula\u00e7\u00e3o gratuita, em diferentes suportes e\/ou formatos.<\/li>\n\n\n\n<li>Apoiar eventos de promo\u00e7\u00e3o e circula\u00e7\u00e3o do livro e da leitura, como feiras de livros e eventos liter\u00e1rios, por exemplo.<\/li>\n\n\n\n<li>Fomentar e apoiar a forma\u00e7\u00e3o e qualifica\u00e7\u00e3o profissional dos atores que comp\u00f5em a cadeia produtiva e criativa do livro.<\/li>\n<\/ul>\n\n\n\n<p>Santo Augusto, 12 de maio de 2023.<\/p>\n\n\n\n<p>S\u00e3o emissores desta carta: &#8230;&#8230;&#8230;&#8230;&#8230;&#8230;&#8230;&#8230;&#8230;&#8230;&#8230;&#8230;&#8230;&#8230;&#8230;&#8230;&#8230;&#8230;&#8230;&#8230;&#8230;&#8230;&#8230;&#8230;&#8230;&#8230;&#8230;&#8230;&#8230;&#8230;&#8230;.<\/p>\n\n\n\n<p><\/p>\n","protected":false},"excerpt":{"rendered":"<p>CARTA PELA LITERATURA, LIVRO E LEITURA E PELA VALORIZA\u00c7\u00c3O DA CULTURA No dia 12 de maio de 2023, \u00e0s 19 horas, ocorreu a Sess\u00e3o Solene de Apresenta\u00e7\u00e3o e Posse da Nova Diretoria, Outorga de Honrarias e Homenagens, da Academia de Letras do Noroeste do Rio Grande do Sul &#8211; Alenrio, no Centro Municipal de Cultura [&hellip;]<\/p>\n","protected":false},"author":1,"featured_media":0,"parent":0,"menu_order":0,"comment_status":"closed","ping_status":"closed","template":"","meta":{"_eb_attr":"","footnotes":""},"class_list":["post-732","page","type-page","status-publish","hentry"],"_links":{"self":[{"href":"https:\/\/alenrio.org.br\/site\/wp-json\/wp\/v2\/pages\/732","targetHints":{"allow":["GET"]}}],"collection":[{"href":"https:\/\/alenrio.org.br\/site\/wp-json\/wp\/v2\/pages"}],"about":[{"href":"https:\/\/alenrio.org.br\/site\/wp-json\/wp\/v2\/types\/page"}],"author":[{"embeddable":true,"href":"https:\/\/alenrio.org.br\/site\/wp-json\/wp\/v2\/users\/1"}],"replies":[{"embeddable":true,"href":"https:\/\/alenrio.org.br\/site\/wp-json\/wp\/v2\/comments?post=732"}],"version-history":[{"count":5,"href":"https:\/\/alenrio.org.br\/site\/wp-json\/wp\/v2\/pages\/732\/revisions"}],"predecessor-version":[{"id":787,"href":"https:\/\/alenrio.org.br\/site\/wp-json\/wp\/v2\/pages\/732\/revisions\/787"}],"wp:attachment":[{"href":"https:\/\/alenrio.org.br\/site\/wp-json\/wp\/v2\/media?parent=732"}],"curies":[{"name":"wp","href":"https:\/\/api.w.org\/{rel}","templated":true}]}}